s divided by 781.
1
Calculate the remainder when 41183 is divided by 176.
175
Calculate the remainder when 142 is divided by 24.
22
Calculate the remainder when 873 is divided by 186.
129
What is the remainder when 3874 is divided by 1932?
10
What is the remainder when 205 is divided by 51?
1
Calculate the remainder when 1591 is divided by 19.
14
Calculate the remainder when 136 is divided by 47.
42
Calculate the remainder when 1199 is divided by 36.
11
Calculate the remainder when 295 is divided by 83.
46
Calculate the remainder when 577 is divided by 83.
79
What is the remainder when 623 is divided by 48?
47
Calculate the remainder when 33 is divided by 3.
0
What is the remainder when 414 is divided by 26?
24
What is the remainder when 1291 is divided by 100?
91
Calculate the remainder when 112 is divided by 20.
12
What is the remainder when 2911 is divided by 112?
111
What is the remainder when 588 is divided by 15?
3
Calculate the remainder when 731 is divided by 82.
75
Calculate the remainder when 2645 is divided by 189.
188
Calculate the remainder when 7 is divided by 5.
2
Calculate the remainder when 97 is divided by 82.
15
What is the remainder when 6994 is divided by 33?
31
What is the remainder when 250 is divided by 65?
55
Calculate the remainder when 4277 is divided by 42.
35
Calculate the remainder when 2924 is divided by 154.
152
Calculate the remainder when 68 is divided by 9.
5
Calculate the remainder when 10031 is divided by 19.
18
Calculate the remainder when 463 is divided by 156.
151
What is the remainder when 34 is divided by 5?
4
Calculate the remainder when 2696 is divided by 50.
46
Calculate the remainder when 40 is divided by 21.
19
What is the remainder when 203 is divided by 59?
26
What is the remainder when 201 is divided by 78?
45
Calculate the remainder when 999 is divided by 47.
12
Calculate the remainder when 1344 is divided by 54.
48
What is the remainder when 13223 is divided by 38?
37
Calculate the remainder when 646 is divided by 36.
34
What is the remainder when 5290 is divided by 67?
64
What is the remainder when 278 is divided by 4?
2
Calculate the remainder when 191 is divided by 12.
11
What is the remainder when 91 is divided by 56?
35
Calculate the remainder when 3778 is divided by 30.
28
Calculate the remainder when 123 is divided by 35.
18
Calculate the remainder when 126 is divided by 32.
30
What is the remainder when 352 is divided by 93?
73
Calculate the remainder when 1866 is divided by 21.
18
Calculate the remainder when 541 is divided by 8.
5
Calculate the remainder when 564 is divided by 3.
0
Calculate the remainder when 123 is divided by 27.
15
Calculate the remainder when 306 is divided by 52.
46
What is the remainder when 116 is divided by 24?
20
What is the remainder when 7216 is divided by 19?
15
What is the remainder when 2236 is divided by 371?
10
Calculate the remainder when 248 is divided by 244.
4
What is the remainder when 187 is divided by 60?
7
What is the remainder when 90 is divided by 27?
9
Calculate the remainder when 6316 is divided by 71.
68
Calculate the remainder when 3457 is divided by 91.
90
What is the remainder when 6456 is divided by 2146?
18
Calculate the remainder when 671 is divided by 223.
2
Calculate the remainder when 838 is divided by 21.
19
What is the remainder when 6600 is divided by 13?
9
Calculate the remainder when 242 is divided by 6.
2
What is the remainder when 69 is divided by 19?
12
Calculate the remainder when 270 is divided by 75.
45
What is the remainder when 4094 is divided by 15?
14
What is the remainder when 300 is divided by 14?
6
What is the remainder when 297 is divided by 68?
25
What is the remainder when 399 is divided by 37?
29
What is the remainder when 379 is divided by 249?
130
Calculate the remainder when 20373 is divided by 24.
21
Calculate the remainder when 6003 is divided by 42.
39
Calculate the remainder when 48 is divided by 13.
9
Calculate the remainder when 93 is divided by 48.
45
Calculate the remainder when 349 is divided by 137.
75
What is the remainder when 1009 is divided by 335?
4
Calculate the remainder when 7735 is divided by 43.
38
What is the remainder when 217 is divided by 11?
8
What is the remainder when 69 is divided by 15?
9
What is the remainder when 88 is divided by 20?
8
Calculate the remainder when 30 is divided by 4.
2
What is the remainder when 194 is divided by 18?
14
Calculate the remainder when 412 is divided by 38.
32
What is the remainder when 321 is divided by 43?
20
What is the remainder when 1106 is divided by 547?
12
What is the remainder when 290 is divided by 282?
8
Calculate the remainder when 7217 is divided by 10.
7
Calculate the remainder when 111 is divided by 19.
16
What is the remainder when 1595 is divided by 84?
83
Calculate the remainder when 174 is divided by 132.
42
What is the remainder when 522 is divided by 75?
72
What is the remainder when 2069 is divided by 46?
45
What is the remainder when 237 is divided by 62?
51
Calculate the remainder when 4924 is divided by 22.
18
What is the remainder when 1595 is divided by 34?
31
Calculate the remainder when 1994 is divided by 11.
3
Calculate the remainder when 3114 is divided by 778.
2
What is the remainder when 290 is divided by 47?
8
What is the remainder when 462 is divided by 124?
90
Calculate the remainder when 502 is divided by 43.
29
What is the remainder when 915 is divided by 226?
11
Calculate the remainder when 3985 is divided by 792.
25
What is the remainder when 757 is divided by 59?
49
What is the remainder when 34 is divided by 24?
10
What is the remainder when 23746 is divided by 19?
15
Calculate the remainder when 989 is divided by 30.
29
Calculate the remainder when 329 is divided by 20.
9
What is the remainder when 348 is divided by 27?
24
Calculate the remainder when 771 is divided by 190.
11
What is the remainder when 20 is divided by 14?
6
What is the remainder when 409 is divided by 67?
7
What is the remainder when 36 is divided by 3?
0
What is the remainder when 690 is divided by 255?
180
What is the remainder when 134 is divided by 39?
17
What is the remainder when 281 is divided by 149?
132
What is the remainder when 3203 is divided by 36?
35
What is the remainder when 59 is divided by 31?
28
Calculate the remainder when 5023 is divided by 7.
4
What is the remainder when 258 is divided by 69?
51
What is the remainder when 450 is divided by 26?
8
What is the remainder when 10410 is divided by 1301?
2
What is the remainder when 1252 is divided by 114?
112
What is the remainder when 169 is divided by 39?
13
What is the remainder when 502 is divided by 100?
2
Calculate the remainder when 98 is divided by 10.
8
Calculate the remainder when 91 is divided by 20.
11
What is the remainder when 2039 is divided by 4?
3
Calculate the remainder when 41 is divided by 15.
11
What is the remainder when 1553 is divided by 427?
272
What is the remainder when 1733 is divided by 60?
53
What is the remainder when 127 is divided by 22?
17
What is the remainder when 124 is divided by 14?
12
Calculate the remainder when 352 is divided by 28.
16
Calculate the remainder when 440 is divided by 40.
0
Calculate the remainder when 86 is divided by 12.
2
Calculate the remainder when 1760 is divided by 61.
52
Calculate the remainder when 116 is divided by 42.
32
Calculate the remainder when 16648 is divided by 45.
43
What is the remainder when 132 is divided by 11?
0
Calculate the remainder when 428 is divided by 17.
3
Calculate the remainder when 11197 is divided by 10.
7
What is the remainder when 190 is divided by 183?
7
What is the remainder when 177 is divided by 48?
33
What is the remainder when 123 is divided by 44?
35
Calculate the remainder when 110 is divided by 34.
8
What is the remainder when 2438 is divided by 10?
8
Calculate the remainder when 1005 is divided by 500.
5
What is the remainder when 4591 is divided by 230?
221
Calculate the remainder when 64 is divided by 54.
10
What is the remainder when 453 is divided by 1?
0
Calculate the remainder when 37 is divided by 14.
9
Calculate the remainder when 209 is divided by 204.
5
What is the remainder when 284 is divided by 48?
44
What is the remainder when 2985 is divided by 